2. Calculate j(-2).
-7
Let s(f) = 2*f**2 - 5*f - 18. Let g be s(5). Let r(m) = 0 + 0*m + g*m + m**2 + m - 1. Determine r(-6).
-13
Let b(h) be the second derivative of 6*h + 0 + 1/2*h**2 + 2/3*h**3. Calculate b(-2).
-7
Let c(u) = 22*u**3. Let p be c(1). Let r = p - 19. Let g(w) = w**r + 5*w + 5*w + 0*w - 7 - 4*w + 7*w**2. What is g(-6)?
-7
Suppose x = -5*s - 5, 0 = -s + x - 0*x - 1. Let v(g) = 49*g. What is v(s)?
-49
Let l(x) be the first derivative of -x**4/4 - 5*x**3/3 + 3*x**2 + 8*x + 3340. Suppose 0*y = y. Suppose 7 = -y*f - 2*f + a, -3*f + 2*a = 8. Determine l(f).
8
Let o be (-15)/(-9) - 4/6. Let z(b) = 7*b**3 + b**2 + b. Let i(n) = 21*n**3 + 3*n**2 + 4*n. Let u(f) = -2*i(f) + 7*z(f). Determine u(o).
7
Let n(q) = -q**2 - 7*q + 9. Suppose -m - 29 = -36. Let t(p) = p**2 - 6*p - 15. Let s be t(m). Calculate n(s).
1
Let n(q) = -6*q - 3. Suppose -3*w - 43 = -52. Suppose -6*x = r - 2*x, -w*x - 17 = 5*r. Give n(r).
21
Let k be (5 - (6 + 5))/(-3). Let s(t) = 7*t - 2. What is s(k)?
12
Let j be (-2 - 0)*73/(-2). Suppose 10*y + 23 - j = 0. Let m(b) be the third derivative of -b**4/12 + 7*b**3/6 + b**2. Give m(y).
-3
Let o(v) = v**2 - 6*v - 12. Let d(c) = -7*c + 359. Let q be d(50). Give o(q).
15
Let j(q) = 3*q - 12. Let n(p) = -8*p + 26. Let b(k) = 5*j(k) + 2*n(k). Give b(-12).
4
Let b(h) be the third derivative of h**6/120 - h**5/10 + h**4/24 - h**3 + 6*h**2 + 1. What is b(6)?
0
Let s(g) be the first derivative of g**4/4 - g**3/3 - 14*g - 127. What is s(0)?
-14
Let h be 6/3 - -1*2. Let w(p) = 3*p + 6 - h - 4*p - 2*p**2. What is w(2)?
-8
Let k(z) be the second derivative of -z**4/12 - 7*z**3/6 - 7*z**2/2 + z - 23. Determine k(-8).
-15
Suppose -8 = d + 3*f - 2, -2*f - 56 = 5*d. Let s be (10/(-20))/((-3)/d). Let m(i) = 1 + 5*i + i + 2. Give m(s).
-9
Let o(z) = -z**3 - 7*z**2 - 6*z + 2. Let s be o(-6). Suppose s + 4 = -2*d. Let h(w) = -2*w - 1. Determine h(d).
5
Suppose 1217 = -7*f + 1217. Let k(j) be the second derivative of f + 1/6*j**3 + 3/2*j**2 - 4*j - 1/12*j**4. Calculate k(5).
-17
Let f(g) = -2*g - 5. Let r be 11/(-3) - 6/18. Let x be f(r). Let l(d) = 6*d - 7. Let h(m) = -13*m + 15. Let t(n) = 4*h(n) + 9*l(n). Give t(x).
3
Let a(f) = 4*f - 6. Let v(d) = -26*d + 14. Let q(m) = 5*m - 3. Let z(j) = -11*q(j) - 2*v(j). Let i(r) = 2*a(r) + 3*z(r). Let k = -31 - -31. Determine i(k).
3
Let u(y) = 3*y**3 - 11*y**2 - y + 1. Let p(n) = -2*n**3 + 6*n**2 + n. Suppose -2*g = -4*g - 10. Let l(x) = g*p(x) - 3*u(x). Calculate l(-3).
3
Suppose 13*d = 11*d + 5*q + 55, -2*d + 3*q = -45. Let f(z) = -z**2 + 13*z + 26. Calculate f(d).
-4
Let h(z) = 2*z - 3. Let o = -24 - -15. Let k(l) = l**2 + 1. Let p(j) = 4*j**2 - 9*j. Let f(x) = 5*k(x) - p(x). Let s be f(o). Determine h(s).
7
Let b be 1/(4/(-3 + 27)). Let o(u) = 0*u + b*u**2 - u**3 + 4*u - 2*u - 2. Let s = 22 + -16. Calculate o(s).
10
Let u(y) = 5 + y**2 + 2*y - 8*y + 0*y**2. Let c(w) = w + 21. Let q be c(-16). What is u(q)?
0
Let b(w) = 13*w - 6*w + 2269 - 2254. Determine b(-3).
-6
Let j(l) = l**2 + 5*l + 2. Let c(r) = 5*r**2 + 77*r + 26. Let o be c(-15). Determine j(o).
-2
Let a(d) = -3*d + 5. Let n(s) = 69*s + 202. Let p be n(-3). What is a(p)?
20
Suppose y = 0, 5*b - 8 = -y - 33. Let o(u) = -3*u**2 + 4*u - 1. Let n(v) = -5*v**2 + 9*v - 1. Let r(c) = 4*n(c) - 7*o(c). Determine r(b).
-12
Let m(r) = 3*r**2 - 8*r - 3. Let x(v) = v**3 + 2*v**2 - v - 6. Let n be x(0). Let q(i) = i**2 - 3*i - 1. Let d(a) = n*m(a) + 17*q(a). Give d(-4).
-3
Suppose -2*o - 7 = 3. Suppose 2*u = 7*u - 20. Let r(n) = -u + 6 - 1 - n**2 + 4 - 5*n. Calculate r(o).
5
Let k(j) = j**2 - 10*j + 4. Suppose -4*d - 4*m + 12 = 0, 5*d - 13 = -2*m + 11. Calculate k(d).
-20
Let z(r) = -22*r + 1. Let t(u) = 40*u - 3. Let f(q) = 6*t(q) + 11*z(q). Determine f(-5).
3
Suppose -l - k + 6*k - 17 = 0, -3*l + 5*k - 1 = 0. Let i(a) = l*a - 4*a - a + 2. What is i(-4)?
-10
Let y(o) be the third derivative of o**6/120 + 2*o**5/15 + o**4/4 + o**3 + 91*o**2. Give y(-7).
13
Let y(r) = 834 - 10*r - 828 + 11*r. Determine y(-5).
1
Let h(n) = -n**2 + 6*n - 1. Suppose -7*k = k - 280. Suppose -5*b + 60 - k = 0. Give h(b).
4
Let m(i) be the third derivative of -i**6/120 - 3*i**5/20 - i**4/3 - 5*i**3/6 - 236*i**2. Determine m(-8).
-5
Let p be (-32)/(-12) - 1/(-3). Let w(j) = 7 - p*j + 6*j**2 + 0 - 5*j**2 - 6*j. What is w(6)?
-11
Let j be (-1)/3 - 5/(-15). Let f be j - ((-12)/(-2))/3. Let u(g) = -2*g + 2 + 3*g + 0*g. What is u(f)?
0
Let a(c) = -12*c**2 + 0 + 1 + c + 6*c - 14*c**2 + 25*c**2. Calculate a(7).
1
Let t be (-2)/5 + (5 - (-2)/5). Let n(h) = h**3 - 6*h**2 + 4*h + 8. Let y be n(t). Let u(g) = g**2 + 3*g - 4. Calculate u(y).
14
Let s(x) = x**2 + 6*x + 2. Let l(c) = c**3 + 14*c**2 - c - 9. Let r be l(-14). Suppose h + 3*y - 3 = -9, 5*y - 10 = r*h. Give s(h).
-7
Let n(j) be the second derivative of -j**3/6 + j**2 - 24*j. What is n(4)?
-2
Let l(r) = -r + 8. Let x be (-2)/1*(6 - 3/(-2)). Let a(z) = -z - 8. Let q be a(x). Give l(q).
1
Let r(q) be the third derivative of 5/6*q**3 - 1/8*q**4 + 1/360*q**6 - 9*q**2 + 0*q + 0 + 1/40*q**5. Let i(o) be the first derivative of r(o). Give i(-4).
1
Suppose -2*k + 2*y + 2*y + 62 = 0, 3*y + 58 = 2*k. Let n(c) = -83 + 83 - k*c. What is n(-1)?
23
Let l(m) = -3*m - 17 - 6*m + 20 - 8*m. Determine l(2).
-31
Let g be -1 - (2 + -2 - -10)*-1. Suppose 2*j + 3 - g = 0. Let q(v) = 4*v - 4. What is q(j)?
8
Let x(i) be the third derivative of -i**6/120 + i**5/10 - 5*i**4/24 - i**3/2 + 7*i**2. Let r = -167 - -172. Give x(r).
-3
Let v(j) = -j**3 + 4*j**2 + 5*j - 5. Let b(d) = -5*d**3 + 18*d**2 + 26*d - 25. Let x(s) = 2*b(s) - 11*v(s). What is x(8)?
-19
Suppose 13*k + 17 = 16*k + s, 2*s + 64 = 8*k. Let p(n) be the first derivative of -n**3/3 + 4*n**2 + 5*n - 2. Give p(k).
12
Suppose 3 = 3*c - l, -2*c + 2*l = 3*c - 6. Let t be 1 - c*3/9. Let r(o) be the third derivative of o**4/12 + o**3/6 - 24*o**2. Give r(t).
3
Let i = -21 - -71. Suppose i = -2*l + 46. Let o(t) be the second derivative of t**3/6 + t**2 + 2*t. Give o(l).
0
Let v(q) = 1 - 2*q**2 + 38*q - 68*q + 0*q**3 + q**3 + 20*q. Calculate v(-3).
-14
Let u(h) = 2*h**3 + 2*h - 1. Let j = 2 - 12. Let i = j - -18. Suppose -3*o + 15 = 2*b + 4, -4*o + 3*b = i. Calculate u(o).
3
Let g(f) = -3*f**2 - f - 1. Let a(r) = -7*r**2 - 2*r - 2. Let d(q) = -2*a(q) + 5*g(q). Calculate d(-1).
-1
Let a(z) = -z**2 - 6*z + 6. Let u be (-702)/12 - (-3)/(-2). Let x be u - 0/(-7 - -3). Let t be (3 - x/(-28))*-7. Give a(t).
6
Suppose -5*a + 0 = 10. Let r(i) be the second derivative of i**4/8 + i**2/2 + i. Let h(k) be the first derivative of r(k). Calculate h(a).
-6
Suppose -g - 2*p - 24 = -4*g, 2*p = -6. Let c(o) = -o**2 + 11*o + 8. What is c(g)?
38
Let i(p) = -p + 9 - 6 + p**2 - 4. Let h(r) = -3*r**2 + 4*r + 2. Let u(c) = 3*h(c) + 8*i(c). What is u(3)?
1
Suppose -4*g + 3 + 5 = 0. Suppose 12 = c + g*c. Let i(b) = -b**3 + 4*b**2 - 3*b + 5. Determine i(c).
-7
Let x(v) = -v**2 + v + 18. Let b(y) = -y**2 - 7*y + 4. Let k be b(0). Determine x(k).
6
Let p(q) = -7*q**3 - 5*q**2 + 5*q - 5. Let f(y) = 3*y**3 + 2*y**2 - 2*y + 3. Let g(s) = 5*f(s) + 2*p(s). Give g(-2).
-3
Let f(m) = -m**2 - 1. Let y(p) = 3*p**2 - p + 5. Let n(z) = -f(z) - y(z). What is n(-3)?
-25
Let l(r) be the first derivative of r**3/3 - 3*r**2/2 + r + 43. Suppose -v + 4 = -w, w - 3*w + 6 = 5*v. What is l(v)?
-1
Let p = -6 + 1. Let f(b) be the second derivative of b**3/6 - 3*b**2 + 1159*b. Calculate f(p).
-11
Let a(t) = 4*t - 3. Let c be a(3). Let m be 4 - (-6)/c*-6. Let j(w) = -w + 4. Let d(s) = -2*s + 8. Let z(y) = -2*d(y) + 5*j(y). Calculate z(m).
4
Let f be (-4)/(-6) + 20/15. Suppose 7*t = f*t + 15, 0 = p - 2*t + 5. Let s(i) = 5*i - 2. Let o(l) = 3*l - 1. Let y(j) = 8*o(j) - 5*s(j). Give y(p).
1
Let x(g) = 10*g**3 + 14*g**2 + 11*g - 19. Let d(y) = -y**3 - 8*y**3 + 22 - 9*y**2 - 7*y - 9 + 2*y**3. Let o(r) = 7*d(r) + 5*x(r). Determine o(-6).
-4
Let i = 45 + -21. Suppose 2*l = -4*r + 140, -58 = -2*r + 5*l + i. Suppose -5*c + r = -4. Let d(u) = -u**2 + 8*u + 5. Calculate d(c).
5
Let u(s) be the first derivative of -s**3/3 - 5*s**2 - 15*s + 2. Let h be u(-6). Suppose 4*v + h = -7. Let j(w) = w**3 + 2*w**2 - 4*w. Give j(v).
-16
Let v(j) = -j**3 + 4*j**2 - 2*j - 3. Let q be v(3). Let i(n) = -n**3 - 3 + q*n**3 + 56*n**2 - 62*n**2 - 4*n. Determine i(-5).
-8
Let z(j) be